{"id":3,"date":"2021-08-30T08:37:15","date_gmt":"2021-08-30T08:37:15","guid":{"rendered":"https:\/\/abkconsultores.com\/?page_id=3"},"modified":"2021-08-30T15:48:35","modified_gmt":"2021-08-30T14:48:35","slug":"politica-de-privacidad","status":"publish","type":"page","link":"https:\/\/rssd5267.webaccountserver.com\/~abkconsultores\/politica-de-privacidad\/","title":{"rendered":"Pol\u00edtica de privacidad"},"content":{"rendered":"<p>[et_pb_section fb_built=\u00bb1&#8243; _builder_version=\u00bb4.10.5&#8243; _module_preset=\u00bbdefault\u00bb locked=\u00bboff\u00bb global_colors_info=\u00bb{}\u00bb][et_pb_row _builder_version=\u00bb4.10.5&#8243; _module_preset=\u00bbdefault\u00bb global_colors_info=\u00bb{}\u00bb][et_pb_column type=\u00bb4_4&#8243; _builder_version=\u00bb4.10.5&#8243; _module_preset=\u00bbdefault\u00bb global_colors_info=\u00bb{}\u00bb][et_pb_text _builder_version=\u00bb4.10.5&#8243; _module_preset=\u00bbdefault\u00bb header_text_color=\u00bb#f67e38&#8243; header_font_size=\u00bb40px\u00bb header_2_text_color=\u00bb#000000&#8243; global_colors_info=\u00bb{}\u00bb]<\/p>\n<h1>Pol\u00edtica de privacidad<\/h1>\n<h2><\/h2>\n<p>A trav\u00e9s del presente aviso, ABK Consultores de Gesti\u00f3n Avanzada S.L. informa a los usuarios del sitio web acerca de su Pol\u00edtica de Protecci\u00f3n de Datos Personales con la finalidad de que \u00e9stos decidan libre y voluntariamente si desean facilitar los datos personales que les puedan ser solicitados en el mismo.<\/p>\n<p>ABK Consultores de Gesti\u00f3n Avanzada S.L. se compromete a mantener actualizada su Pol\u00edtica de Protecci\u00f3n de Datos de acuerdo con los posibles cambios legislativos y jurisprudenciales que puedan producirse. Tales modificaciones ser\u00e1n publicadas en este sitio web, facilitando los recursos necesarios al usuario para acceder a la lectura de las mismas. En cualquier caso, la relaci\u00f3n con los usuarios se regir\u00e1 por las normas previstas en el momento preciso en que se accede al site.<\/p>\n<p>&nbsp;<\/p>\n<h2>1. Responsable del Tratamiento.<\/h2>\n<p>Los datos personales recogidos ser\u00e1n objeto de tratamiento por ABK Consultores de Gesti\u00f3n Avanzada S.L., cuya direcci\u00f3n fiscal se encuentra en Portuetxe, 37-2\u00ba Of. 7 20018 Donostia \u2013 San Sebasti\u00e1n.<\/p>\n<p>El usuario podr\u00e1 proporcionarnos, de forma voluntaria, informaci\u00f3n de car\u00e1cter personal, bien, a trav\u00e9s del formulario de recogida de datos o mediante las direcciones de correo electr\u00f3nico habilitadas a tal efecto. El suministro de cualquier dato de car\u00e1cter personal a trav\u00e9s del formulario y direcciones de correo electr\u00f3nico de la presente p\u00e1gina web implican aceptar y consentir el tratamiento de los mismos en los t\u00e9rminos indicados en la presente pol\u00edtica de privacidad.<\/p>\n<p>&nbsp;<\/p>\n<h2>2. Finalidades del tratamiento de los datos personales.<\/h2>\n<p>La recogida y tratamiento de sus datos personales tiene como finalidades:<\/p>\n<p>Contestar consultas, solicitudes o peticiones.<br \/>Informaci\u00f3n por medios electr\u00f3nicos, que versen sobre una solicitud.<\/p>\n<p>&nbsp;<\/p>\n<h2>3. Legitimaci\u00f3n.<\/h2>\n<p>Las bases jur\u00eddicas que legitiman los tratamientos indicados son el consentimiento del usuario y el inter\u00e9s leg\u00edtimo de ABK Consultores de Gesti\u00f3n Avanzada S.L. para la mejor prestaci\u00f3n de los servicios.<\/p>\n<p>&nbsp;<\/p>\n<h2>4. Destinatarios de los datos personales.<\/h2>\n<p>No se ceder\u00e1n datos a terceros salvo obligaci\u00f3n legal.<\/p>\n<p>&nbsp;<\/p>\n<h2>5. Derechos de los interesados.<\/h2>\n<p>Los usuarios tienen derecho al acceso a sus datos personales, a su rectificaci\u00f3n o supresi\u00f3n, a la limitaci\u00f3n de su tratamiento o a oponerse al mismo, a la portabilidad de los datos, a no ser objeto de decisiones basadas \u00fanicamente en el tratamiento automatizado de los datos, a la revocaci\u00f3n del consentimiento prestado y a presentar reclamaciones ante las autoridades de control.<\/p>\n<p>Los usuarios podr\u00e1n ejercitar sus derechos, y en general consultar todas las cuestiones relativas al tratamiento de sus datos personales, mediante una petici\u00f3n escrita a la entidad responsable, ABK Consultores de Gesti\u00f3n Avanzada S.L., bien por correo electr\u00f3nico a la direcci\u00f3n <a href=\"mailto:abk@abkconsultores.com\">abk@abkconsultores.com<\/a>, o bien por correo postal a la direcci\u00f3n: Portuetxe, 37-2\u00ba Of. 7 20018 Donostia \u2013 San Sebasti\u00e1n, en ambos casos con la referencia \u201cDatos personales\u201d, debiendo acompa\u00f1ar a su solicitud una copia de su documento nacional de identidad o de otro documento oficial que sirva para acreditar su identidad.<\/p>\n<p>El usuario responder\u00e1, en cualquier caso, de la veracidad de los datos facilitados, reserv\u00e1ndose ABK Consultores de Gesti\u00f3n Avanzada S.L. el derecho a excluir a todo usuario que haya facilitado datos falsos, sin perjuicio de las dem\u00e1s acciones que procedan en Derecho. El usuario se hace responsable de comunicar cualquier modificaci\u00f3n de los datos personales facilitados.<\/p>\n<p>&nbsp;<\/p>\n<h2>6. Plazo de conservaci\u00f3n de los datos.<\/h2>\n<p>S\u00f3lo almacenamos los datos personales de los usuarios en la medida en que los necesitamos a fin de poder utilizarla seg\u00fan la finalidad para la que fue recabada, y seg\u00fan la base jur\u00eddica del tratamiento de la misma. Mantendremos los datos personales mientras el usuario siga vinculado al responsable y mientras \u00e9ste no ejerza el derecho de supresi\u00f3n, cancelaci\u00f3n y\/o limitaci\u00f3n del tratamiento de los datos personales.<\/p>\n<p>En estos casos mantendremos los datos debidamente bloqueados, sin darle ning\u00fan uso, mientras puedan ser necesarios para el ejercicio o defensa de reclamaciones o pueda derivarse alg\u00fan tipo de responsabilidad judicial, legal o contractual de su tratamiento, que deba ser atendida y para lo cual sea necesaria su recuperaci\u00f3n.<\/p>\n<p>&nbsp;<\/p>\n<h2>7. Medidas de seguridad.<\/h2>\n<p>ABK Consultores de Gesti\u00f3n Avanzada S.L., ha adoptado los niveles de seguridad de protecci\u00f3n de datos personales requeridos por la normativa vigente, en funci\u00f3n del tipo de informaci\u00f3n tratada y ha implantado otros medios y medidas t\u00e9cnicas adicionales a su alcance para evitar su alteraci\u00f3n, p\u00e9rdida, tratamiento o acceso no autorizado de los datos personales facilitados. ABK Consultores de Gesti\u00f3n Avanzada S.L. garantiza que ha adoptado las medidas oportunas de seguridad para garantizar la seguridad de la informaci\u00f3n y la confidencialidad de los datos que usted nos env\u00eda por Internet.<\/p>\n<p>[\/et_pb_text][\/et_pb_column][\/et_pb_row][\/et_pb_section][et_pb_section fb_built=\u00bb1&#8243; admin_label=\u00bbContacto\u00bb module_id=\u00bbcontacto\u00bb _builder_version=\u00bb4.10.5&#8243; background_color=\u00bb#383838&#8243; custom_padding=\u00bb||21px||false|false\u00bb locked=\u00bboff\u00bb global_colors_info=\u00bb{}\u00bb][et_pb_row use_custom_gutter=\u00bbon\u00bb gutter_width=\u00bb2&#8243; make_equal=\u00bbon\u00bb _builder_version=\u00bb4.0.9&#8243; width=\u00bb90%\u00bb max_width=\u00bb1170px\u00bb max_width_tablet=\u00bb90%\u00bb max_width_phone=\u00bb90%\u00bb max_width_last_edited=\u00bbon|desktop\u00bb custom_padding=\u00bb||0px||false|false\u00bb global_colors_info=\u00bb{}\u00bb][et_pb_column type=\u00bb4_4&#8243; _builder_version=\u00bb4.0.9&#8243; global_colors_info=\u00bb{}\u00bb][et_pb_image src=\u00bbhttps:\/\/abkconsultores.com\/wp-content\/uploads\/2021\/08\/logo-abk-blanco.png\u00bb alt=\u00bbABK Consultores, Expertos en Lean Management\u00bb title_text=\u00bbABK Consultores, Expertos en Lean Management\u00bb url=\u00bb#\u00bb align=\u00bbcenter\u00bb align_tablet=\u00bbleft\u00bb align_phone=\u00bbleft\u00bb align_last_edited=\u00bbon|phone\u00bb _builder_version=\u00bb4.10.5&#8243; module_alignment=\u00bbcenter\u00bb module_alignment_tablet=\u00bbleft\u00bb module_alignment_phone=\u00bbleft\u00bb module_alignment_last_edited=\u00bbon|phone\u00bb global_colors_info=\u00bb{}\u00bb][\/et_pb_image][\/et_pb_column][\/et_pb_row][et_pb_row column_structure=\u00bb1_3,1_3,1_3&#8243; use_custom_gutter=\u00bbon\u00bb gutter_width=\u00bb2&#8243; make_equal=\u00bbon\u00bb custom_padding_last_edited=\u00bbon|phone\u00bb _builder_version=\u00bb4.10.5&#8243; width=\u00bb100%\u00bb max_width_tablet=\u00bb90%\u00bb max_width_phone=\u00bb90%\u00bb max_width_last_edited=\u00bbon|tablet\u00bb custom_padding=\u00bb70px||70px||false|false\u00bb custom_padding_tablet=\u00bb50px||44px||false|false\u00bb custom_padding_phone=\u00bb49px||39px||false|false\u00bb global_colors_info=\u00bb{}\u00bb][et_pb_column type=\u00bb1_3&#8243; _builder_version=\u00bb4.0.9&#8243; global_colors_info=\u00bb{}\u00bb][et_pb_blurb title=\u00bb656 771 728&#8243; url=\u00bbtel:+34656771728&#8243; url_new_window=\u00bbon\u00bb image=\u00bbhttps:\/\/abkconsultores.com\/wp-content\/uploads\/2021\/08\/elements2-3.png\u00bb icon_placement=\u00bbleft\u00bb image_max_width=\u00bb50px\u00bb content_max_width=\u00bb100%\u00bb _builder_version=\u00bb4.10.5&#8243; header_text_align=\u00bbleft\u00bb header_text_color=\u00bb#ffffff\u00bb header_font_size=\u00bb15px\u00bb header_line_height=\u00bb2em\u00bb custom_margin=\u00bb|||39px|false|false\u00bb custom_margin_tablet=\u00bb|||0px|false|false\u00bb custom_margin_phone=\u00bb|||0px|false|false\u00bb custom_margin_last_edited=\u00bbon|phone\u00bb animation=\u00bboff\u00bb border_width_right_image=\u00bb15px\u00bb border_color_right_image=\u00bbrgba(0,0,0,0)\u00bb global_colors_info=\u00bb{}\u00bb][\/et_pb_blurb][\/et_pb_column][et_pb_column type=\u00bb1_3&#8243; _builder_version=\u00bb4.0.9&#8243; global_colors_info=\u00bb{}\u00bb][et_pb_blurb title=\u00bbabk@abkconsultores.com\u00bb url=\u00bbmailto:abk@abkconsultores.com\u00bb url_new_window=\u00bbon\u00bb image=\u00bbhttps:\/\/abkconsultores.com\/wp-content\/uploads\/2021\/08\/elements2-1.png\u00bb icon_placement=\u00bbleft\u00bb image_max_width=\u00bb50px\u00bb content_max_width=\u00bb100%\u00bb _builder_version=\u00bb4.10.5&#8243; header_text_align=\u00bbleft\u00bb header_text_color=\u00bb#ffffff\u00bb header_font_size=\u00bb15px\u00bb header_line_height=\u00bb2em\u00bb custom_margin=\u00bb|||39px|false|false\u00bb custom_margin_tablet=\u00bb|||0px|false|false\u00bb custom_margin_phone=\u00bb|||0px|false|false\u00bb custom_margin_last_edited=\u00bbon|phone\u00bb animation=\u00bboff\u00bb border_width_right_image=\u00bb15px\u00bb border_color_right_image=\u00bbrgba(0,0,0,0)\u00bb global_colors_info=\u00bb{}\u00bb][\/et_pb_blurb][\/et_pb_column][et_pb_column type=\u00bb1_3&#8243; _builder_version=\u00bb4.0.9&#8243; global_colors_info=\u00bb{}\u00bb][et_pb_blurb title=\u00bbPortuetxe, 37-2\u00ba Of. 7 20018  Donostia \u2013 San Sebasti\u00e1n\u00bb url=\u00bbhttps:\/\/maps.google.com\/maps?ll=43.302378,-2.013274&#038;z=16&#038;t=m&#038;hl=es&#038;gl=US&#038;mapclient=embed&#038;cid=2570490122806415371&#8243; url_new_window=\u00bbon\u00bb image=\u00bbhttps:\/\/abkconsultores.com\/wp-content\/uploads\/2021\/08\/elements2-2.png\u00bb icon_placement=\u00bbleft\u00bb image_max_width=\u00bb50px\u00bb content_max_width=\u00bb100%\u00bb _builder_version=\u00bb4.10.5&#8243; header_text_align=\u00bbleft\u00bb header_text_color=\u00bb#ffffff\u00bb header_font_size=\u00bb15px\u00bb header_line_height=\u00bb2em\u00bb custom_margin=\u00bb|||39px|false|false\u00bb custom_margin_tablet=\u00bb|||0px|false|false\u00bb custom_margin_phone=\u00bb|||0px|false|false\u00bb custom_margin_last_edited=\u00bbon|phone\u00bb animation=\u00bboff\u00bb border_width_right_image=\u00bb15px\u00bb border_color_right_image=\u00bbrgba(0,0,0,0)\u00bb global_colors_info=\u00bb{}\u00bb][\/et_pb_blurb][\/et_pb_column][\/et_pb_row][et_pb_row _builder_version=\u00bb4.10.5&#8243; _module_preset=\u00bbdefault\u00bb width=\u00bb100%\u00bb max_width=\u00bb2560px\u00bb custom_padding=\u00bb0px||0px||false|false\u00bb global_colors_info=\u00bb{}\u00bb][et_pb_column type=\u00bb4_4&#8243; _builder_version=\u00bb4.10.5&#8243; _module_preset=\u00bbdefault\u00bb global_colors_info=\u00bb{}\u00bb][et_pb_code _builder_version=\u00bb4.10.5&#8243; _module_preset=\u00bbdefault\u00bb global_colors_info=\u00bb{}\u00bb]<iframe src=\"https:\/\/www.google.com\/maps\/embed?pb=!1m14!1m8!1m3!1d5807.135024465715!2d-2.013274!3d43.302378!3m2!1i1024!2i768!4f13.1!3m3!1m2!1s0x0%3A0x23ac3725cc86d00b!2sABK%20Consultores!5e0!3m2!1ses!2sus!4v1630325355856!5m2!1ses!2sus\" width=\"100%\" height=\"600\" style=\"border:0;\" allowfullscreen=\"\" loading=\"lazy\"><\/iframe>[\/et_pb_code][\/et_pb_column][\/et_pb_row][et_pb_row column_structure=\u00bb1_2,1_2&#8243; use_custom_gutter=\u00bbon\u00bb gutter_width=\u00bb2&#8243; make_equal=\u00bbon\u00bb _builder_version=\u00bb4.0.9&#8243; width=\u00bb90%\u00bb max_width=\u00bb1170px\u00bb max_width_tablet=\u00bb90%\u00bb max_width_phone=\u00bb90%\u00bb max_width_last_edited=\u00bbon|desktop\u00bb custom_padding=\u00bb24px||2px||false|false\u00bb border_width_top=\u00bb1px\u00bb border_color_top=\u00bbrgba(255,255,255,0.3)\u00bb global_colors_info=\u00bb{}\u00bb][et_pb_column type=\u00bb1_2&#8243; _builder_version=\u00bb4.0.9&#8243; z_index=\u00bb999&#8243; global_colors_info=\u00bb{}\u00bb][et_pb_menu menu_id=\u00bb7&#8243; active_link_color=\u00bb#ffffff\u00bb dropdown_menu_bg_color=\u00bb#ffffff\u00bb dropdown_menu_line_color=\u00bb#ffffff\u00bb dropdown_menu_text_color=\u00bb#000000&#8243; dropdown_menu_active_link_color=\u00bb#000000&#8243; mobile_menu_bg_color=\u00bb#ffffff\u00bb mobile_menu_text_color=\u00bb#000000&#8243; cart_icon_color=\u00bb#ffffff\u00bb search_icon_color=\u00bb#ffffff\u00bb menu_icon_color=\u00bb#ffffff\u00bb _builder_version=\u00bb4.10.5&#8243; menu_text_color=\u00bb#ffffff\u00bb menu_line_height=\u00bb0.9em\u00bb background_color=\u00bbrgba(0,0,0,0)\u00bb background_layout=\u00bbdark\u00bb background_color_phone=\u00bbrgba(0,0,0,0)\u00bb background_last_edited=\u00bboff|phone\u00bb background_enable_color_phone=\u00bbon\u00bb global_colors_info=\u00bb{}\u00bb][\/et_pb_menu][\/et_pb_column][et_pb_column type=\u00bb1_2&#8243; _builder_version=\u00bb4.0.9&#8243; global_colors_info=\u00bb{}\u00bb][et_pb_text _builder_version=\u00bb4.10.5&#8243; text_text_color=\u00bb#ffffff\u00bb text_font_size=\u00bb14px\u00bb text_line_height=\u00bb0.9em\u00bb text_orientation=\u00bbright\u00bb custom_margin=\u00bb9px||||false|false\u00bb custom_margin_tablet=\u00bb-20px||||false|false\u00bb custom_margin_phone=\u00bb-20px||||false|false\u00bb custom_margin_last_edited=\u00bbon|phone\u00bb text_line_height_tablet=\u00bb\u00bb text_line_height_phone=\u00bb1.3em\u00bb text_line_height_last_edited=\u00bbon|desktop\u00bb text_orientation_tablet=\u00bbcenter\u00bb text_orientation_phone=\u00bbcenter\u00bb text_orientation_last_edited=\u00bbon|phone\u00bb global_colors_info=\u00bb{}\u00bb text_line_height__hover_enabled=\u00bboff|desktop\u00bb]<\/p>\n<p>Copyright \u00a9 2021 &#8211; ABK Consultores de Gesti\u00f3n Avanzada S.L. &#8211; Desarrollado por <a href=\"https:\/\/anfora.net\">anfora.net<\/a><\/p>\n<p>[\/et_pb_text][\/et_pb_column][\/et_pb_row][\/et_pb_section]<\/p>\n","protected":false},"excerpt":{"rendered":"<p>Pol\u00edtica de privacidad A trav\u00e9s del presente aviso, ABK Consultores de Gesti\u00f3n Avanzada S.L. informa a los usuarios del sitio web acerca de su Pol\u00edtica de Protecci\u00f3n de Datos Personales con la finalidad de que \u00e9stos decidan libre y voluntariamente si desean facilitar los datos personales que les puedan ser solicitados en el mismo. ABK [&hellip;]<\/p>\n","protected":false},"author":1,"featured_media":0,"parent":0,"menu_order":0,"comment_status":"closed","ping_status":"open","template":"","meta":{"_et_pb_use_builder":"on","_et_pb_old_content":"<!-- wp:heading -->\r\n<h2>Who we are<\/h2>\r\n<!-- \/wp:heading --><!-- wp:paragraph -->\r\n<p>Our website address is: https:\/\/abkconsultores.com.<\/p>\r\n<!-- \/wp:paragraph --><!-- wp:heading -->\r\n<h2>What personal data we collect and why we collect it<\/h2>\r\n<!-- \/wp:heading --><!-- wp:heading {\"level\":3} -->\r\n<h3>Comments<\/h3>\r\n<!-- \/wp:heading --><!-- wp:paragraph -->\r\n<p>When visitors leave comments on the site we collect the data shown in the comments form, and also the visitor\u2019s IP address and browser user agent string to help spam detection.<\/p>\r\n<!-- \/wp:paragraph --><!-- wp:paragraph -->\r\n<p>An anonymized string created from your email address (also called a hash) may be provided to the Gravatar service to see if you are using it. The Gravatar service privacy policy is available here: https:\/\/automattic.com\/privacy\/. After approval of your comment, your profile picture is visible to the public in the context of your comment.<\/p>\r\n<!-- \/wp:paragraph --><!-- wp:heading {\"level\":3} -->\r\n<h3>Media<\/h3>\r\n<!-- \/wp:heading --><!-- wp:paragraph -->\r\n<p>If you upload images to the website, you should avoid uploading images with embedded location data (EXIF GPS) included. Visitors to the website can download and extract any location data from images on the website.<\/p>\r\n<!-- \/wp:paragraph --><!-- wp:heading {\"level\":3} -->\r\n<h3>Contact forms<\/h3>\r\n<!-- \/wp:heading --><!-- wp:heading {\"level\":3} -->\r\n<h3>Cookies<\/h3>\r\n<!-- \/wp:heading --><!-- wp:paragraph -->\r\n<p>If you leave a comment on our site you may opt-in to saving your name, email address and website in cookies. These are for your convenience so that you do not have to fill in your details again when you leave another comment. These cookies will last for one year.<\/p>\r\n<!-- \/wp:paragraph --><!-- wp:paragraph -->\r\n<p>If you visit our login page, we will set a temporary cookie to determine if your browser accepts cookies. This cookie contains no personal data and is discarded when you close your browser.<\/p>\r\n<!-- \/wp:paragraph --><!-- wp:paragraph -->\r\n<p>When you log in, we will also set up several cookies to save your login information and your screen display choices. Login cookies last for two days, and screen options cookies last for a year. If you select \"Remember Me\", your login will persist for two weeks. If you log out of your account, the login cookies will be removed.<\/p>\r\n<!-- \/wp:paragraph --><!-- wp:paragraph -->\r\n<p>If you edit or publish an article, an additional cookie will be saved in your browser. This cookie includes no personal data and simply indicates the post ID of the article you just edited. It expires after 1 day.<\/p>\r\n<!-- \/wp:paragraph --><!-- wp:heading {\"level\":3} -->\r\n<h3>Embedded content from other websites<\/h3>\r\n<!-- \/wp:heading --><!-- wp:paragraph -->\r\n<p>Articles on this site may include embedded content (e.g. videos, images, articles, etc.). Embedded content from other websites behaves in the exact same way as if the visitor has visited the other website.<\/p>\r\n<!-- \/wp:paragraph --><!-- wp:paragraph -->\r\n<p>These websites may collect data about you, use cookies, embed additional third-party tracking, and monitor your interaction with that embedded content, including tracking your interaction with the embedded content if you have an account and are logged in to that website.<\/p>\r\n<!-- \/wp:paragraph --><!-- wp:heading {\"level\":3} -->\r\n<h3>Analytics<\/h3>\r\n<!-- \/wp:heading --><!-- wp:heading -->\r\n<h2>Who we share your data with<\/h2>\r\n<!-- \/wp:heading --><!-- wp:heading -->\r\n<h2>How long we retain your data<\/h2>\r\n<!-- \/wp:heading --><!-- wp:paragraph -->\r\n<p>If you leave a comment, the comment and its metadata are retained indefinitely. This is so we can recognize and approve any follow-up comments automatically instead of holding them in a moderation queue.<\/p>\r\n<!-- \/wp:paragraph --><!-- wp:paragraph -->\r\n<p>For users that register on our website (if any), we also store the personal information they provide in their user profile. All users can see, edit, or delete their personal information at any time (except they cannot change their username). Website administrators can also see and edit that information.<\/p>\r\n<!-- \/wp:paragraph --><!-- wp:heading -->\r\n<h2>What rights you have over your data<\/h2>\r\n<!-- \/wp:heading --><!-- wp:paragraph -->\r\n<p>If you have an account on this site, or have left comments, you can request to receive an exported file of the personal data we hold about you, including any data you have provided to us. You can also request that we erase any personal data we hold about you. This does not include any data we are obliged to keep for administrative, legal, or security purposes.<\/p>\r\n<!-- \/wp:paragraph --><!-- wp:heading -->\r\n<h2>Where we send your data<\/h2>\r\n<!-- \/wp:heading --><!-- wp:paragraph -->\r\n<p>Visitor comments may be checked through an automated spam detection service.<\/p>\r\n<!-- \/wp:paragraph --><!-- wp:heading -->\r\n<h2>Your contact information<\/h2>\r\n<!-- \/wp:heading --><!-- wp:heading -->\r\n<h2>Additional information<\/h2>\r\n<!-- \/wp:heading --><!-- wp:heading {\"level\":3} -->\r\n<h3>How we protect your data<\/h3>\r\n<!-- \/wp:heading --><!-- wp:heading {\"level\":3} -->\r\n<h3>What data breach procedures we have in place<\/h3>\r\n<!-- \/wp:heading --><!-- wp:heading {\"level\":3} -->\r\n<h3>What third parties we receive data from<\/h3>\r\n<!-- \/wp:heading --><!-- wp:heading {\"level\":3} -->\r\n<h3>What automated decision making and\/or profiling we do with user data<\/h3>\r\n<!-- \/wp:heading --><!-- wp:heading {\"level\":3} -->\r\n<h3>Industry regulatory disclosure requirements<\/h3>\r\n<!-- \/wp:heading -->","_et_gb_content_width":""},"_links":{"self":[{"href":"https:\/\/rssd5267.webaccountserver.com\/~abkconsultores\/wp-json\/wp\/v2\/pages\/3"}],"collection":[{"href":"https:\/\/rssd5267.webaccountserver.com\/~abkconsultores\/wp-json\/wp\/v2\/pages"}],"about":[{"href":"https:\/\/rssd5267.webaccountserver.com\/~abkconsultores\/wp-json\/wp\/v2\/types\/page"}],"author":[{"embeddable":true,"href":"https:\/\/rssd5267.webaccountserver.com\/~abkconsultores\/wp-json\/wp\/v2\/users\/1"}],"replies":[{"embeddable":true,"href":"https:\/\/rssd5267.webaccountserver.com\/~abkconsultores\/wp-json\/wp\/v2\/comments?post=3"}],"version-history":[{"count":7,"href":"https:\/\/rssd5267.webaccountserver.com\/~abkconsultores\/wp-json\/wp\/v2\/pages\/3\/revisions"}],"predecessor-version":[{"id":200,"href":"https:\/\/rssd5267.webaccountserver.com\/~abkconsultores\/wp-json\/wp\/v2\/pages\/3\/revisions\/200"}],"wp:attachment":[{"href":"https:\/\/rssd5267.webaccountserver.com\/~abkconsultores\/wp-json\/wp\/v2\/media?parent=3"}],"curies":[{"name":"wp","href":"https:\/\/api.w.org\/{rel}","templated":true}]}}